Is x(l) a composite number?
False
Suppose -f = 23412 - 91254. Let z = -33735 + f. Is z composite?
True
Let u(m) = 199*m**2 + 1. Let a be u(1). Let l be (1 - -126) + (10 - 40/5). Suppose -j = 3*s - l - a, -4*j = -3*s - 1286. Is j a prime number?
False
Suppose 1170 = 29*h - 26*h. Let o be 0 - 0 - ((h - -4) + -7). Let x = o + 1436. Is x a prime number?
True
Let i = 36 - 36. Let c(l) = -l**3 - l**2 - l + 5903. Is c(i) composite?
False
Let v(j) = 54513*j - 818. Is v(3) composite?
True
Let f(x) = 2*x**3 - 83*x**2 + 76*x + 138. Is f(65) composite?
False
Suppose y - 25 = -2*p, 5*y = -p - p + 29. Suppose d = 3*x - 10, -4*d - p = -0*x - 5*x. Suppose s - x = 0, 0 = -0*m + 5*m + 3*s - 3167. Is m prime?
True
Suppose 7*q + 4*z = -0*q + 3845187, 1098625 = 2*q + z. Is q a composite number?
False
Suppose 0 = -173*v - 5*v + 22654238. Is v a prime number?
True
Let g be (-3*3/(-27))/(1/12). Suppose -7*x + 31 = -g. Suppose 3*l + 2*h - 7043 = -2*l, -4*l = -x*h - 5641. Is l prime?
True
Suppose 246 + 27 = 13*y. Let k = y + -23. Is (-1384)/(-4) + -5 + k composite?
True
Let i(d) = -10*d**3 - 1043*d**2 - 45*d + 313. Is i(-105) a prime number?
False
Let n(j) = -2*j**2 + j - 3. Let d be n(0). Let f be 5026/d*15/(-10). Let o = f + -1744. Is o prime?
True
Suppose -8*x + 16 = -16. Suppose -x*c + 23442 = 2*c. Is c a prime number?
True
Let b be (-14 - -15)/((-1)/(-67)). Let z = b - -96. Let t = z + 576. Is t a prime number?
True
Suppose -94*g + 28*g = -3039234. Is g composite?
False
Let u = -83 - -55. Let p(j) = -j**3 - 26*j**2 + 11*j + 55. Is p(u) a prime number?
False
Suppose 5*y = -3 + 8, -4*z + 4*y + 285240 = 0. Is z prime?
False
Suppose 1663 = 7*j - 4497. Suppose -5*i = -16*i - j. Let d = -70 - i. Is d composite?
True
Suppose 32 = 4*k - 208. Suppose j = 4*j + k. Is (-179)/(10/j*(1 + 0)) composite?
True
Let b(q) = 19*q + 119. Let f be b(-6). Suppose 0 = -5*m + f*w + 140465, 5*m + 2*w - 62945 = 77506. Is m composite?
True
Let s be (10/(-20))/((-1)/(-92)). Is (s + 2 + 7)*-19 prime?
False
Suppose 8*i = -4*a - 380, a - 4*i + 235 = -2*a. Is (-51)/a - 30728/(-20) a composite number?
True
Suppose 0 = 2*d - 2*q - 192744, -2*d + 65705 = 5*q - 127074. Is d a prime number?
True
Let i = 51021 - -234686. Is i a prime number?
True
Let h = -20454 + 42845. Is h a prime number?
True
Let h = 79 + -72. Suppose -h*u - 9 = -37. Suppose 0 = 3*p + 4*n - 5687, 5642 = -u*p + 7*p - 5*n. Is p composite?
False
Let u be 288/(((-16)/(-114))/4). Suppose 0 = 17*j - 11*j - u. Suppose n + 11976 = 4*b, -j - 4642 = -2*b - 5*n. Is b a composite number?
True
Let p(u) = -4660*u**3 - u**2 - 3*u - 2. Let x be p(-1). Suppose -5*v - 4*m - 2035 = 6298, -5*v + 2*m - 8321 = 0. Let t = x + v. Is t composite?
True
Let g(x) = -x**2 - 8*x - 3. Let a be g(-2). Let v(j) = 239*j**2 + 62*j - 4. Is v(a) a prime number?
True
Let s be 3*(-2)/(-33) - 3122/(-11). Let c = 109 + s. Suppose -160 = p - c. Is p a composite number?
False
Let i = 194 - 162. Let g(j) = -j**3 + 40*j**2 + 83*j + 45. Is g(i) prime?
False
Let x = 3272240 + -1164951. Is x composite?
False
Suppose 0 = -8*b + 14318 + 13450. Let p = -1420 + b. Is p prime?
False
Let j = -44678 - -94009. Is j composite?
False
Let i be 70588/8 - 4/8. Suppose 34*n = 35*n - i. Let v = n - 5170. Is v prime?
False
Let c be ((-10866)/4)/((-6)/4). Let m = -105 + c. Is m a prime number?
False
Suppose -y = -29*g + 24*g - 113569, -454429 = -4*y + 3*g. Is y composite?
True
Suppose -28340 = 19*y + y. Let t = y + 2960. Is t prime?
True
Let o be 43/((0 - 0) + 1). Let a(y) = 3115*y**2 - 148*y - 148. Let h be a(-1). Suppose o*d = 48*d - h. Is d prime?
False
Suppose 14405 = 4*s + s + 4*k, -s + 2895 = -2*k. Suppose s = 3*j - 1810. Is j a prime number?
False
Suppose -3*c + 2*k = -8, 5*c - 3*k = -5*k - 8. Let i be -4 + c + 15/((-20)/(-4)). Is (i/2)/(1/(-298)) prime?
True
Suppose -34*z + 17536 = -38*z. Let f = 6983 + z. Is f a prime number?
False
Let j(c) be the second derivative of -607*c**3/6 + 9*c**2/2 + 2*c + 6. Is j(-4) composite?
False
Let l be (-28)/6*15786/(-12). Let g = l - -2230. Is g prime?
True
Let t = -86 + 87. Let p be t/(4 - (-11)/(-3)). Let l = p + 3064. Is l prime?
True
Suppose -5*h - 25 = -30. Let y be h + 7 - (-9 + 13). Suppose -3*m = 4*d - 2429, 3789 = y*m + 5*d + 552. Is m a prime number?
False
Suppose 3*z - 7*r - 8754 = -4*r, 2*z = 5*r + 5827. Is z composite?
True
Suppose -2*d - 72 = -l - 3*l, 0 = 3*d + 12. Suppose 0 = l*r - 6*r - 69470. Is r a composite number?
False
Is ((-160844996)/(-130) - 24)/((-4)/(-10)) composite?
False
Let c = -70 - -58. Is (-8284)/c - (-6)/9 a composite number?
False
Suppose -p = 2*o - 2592, -5*p + 5184 = 2*o + 2*o. Let w = o - 590. Is w composite?
True
Suppose -4*p - 72*g + 2402407 = -69*g, 5*p + 3*g = 3003008. Is p a prime number?
True
Let x = 57 + -46. Suppose 13*j - x = 15. Suppose -j*q = -3*q + 997. Is q a composite number?
False
Let h(n) = 364*n**2 - 9*n - 8. Suppose -4*l + 5*j = 4, 2*l + 5*j = -2 - 0. Is h(l) prime?
False
Suppose -u - 4*j + 3*j + 22296 = 0, -3*u - 2*j + 66890 = 0. Is (u/3)/(1/((-21)/(-14))) prime?
True
Let f = 6626 - 1034. Suppose -f = -2*g + 988. Suppose -n = -4*h - 1663, 2*n - g - 18 = 2*h. Is n a composite number?
True
Let q(g) = 2*g**2 - 19*g - 75. Let t be q(-4). Is (-1 - 0)/((t/(-4383))/11) a prime number?
False
Suppose k + 21536 = 2*k + 3*c, -43077 = -2*k - 5*c. Is k composite?
True
Let p be (6/2 + -2)*415. Let a(u) = 586*u**2 + u - 1. Let w be a(-1). Let b = w - p. Is b a prime number?
False
Is 4 + 47195 - (-144)/36 a prime number?
False
Let h be 245/(-2*4/(-296)). Suppose -4*v = 4*q + h - 27509, -18428 = -4*v + 4*q. Is v composite?
True
Let h(f) = 3*f + 19. Let i be h(7). Let q = -35 + i. Suppose -286 - q = -3*s. Is s prime?
True
Suppose -4*w + 46 = h + 15, -2*w - h = -13. Let i be (-5)/(-15)*w - 2. Is (-4230)/(-20) - i/2 composite?
False
Let i = -207 + 212. Suppose 0 = 2*p + 5*q - 5423, -i*p - 2*q + 13589 = -0*p. Is p a prime number?
True
Let h = 476952 - 256435. Is h composite?
True
Let n be (-34)/(-4) + (-6)/(-4). Suppose -n*z + 7*z = -12. Suppose -z*j - 1573 = -15*j. Is j a prime number?
False
Let g(r) = 1393*r**2 + 129*r + 1413. Is g(-11) prime?
False
Is (-2624087)/(-9) - 258/1161 prime?
False
Let v(d) = -d**3 - 21*d**2 - 102*d + 8. Let f be v(-13). Is (237546/10 - 0) + f/(-45) prime?
False
Suppose 2*n = -2*h + 261 + 69, 5*h - 829 = -3*n. Is -1*h/(-2)*(11 + -9) prime?
True
Let p be 1/(-3) + 1306/(-6). Suppose -22*c - 863 = 743. Let r = c - p. Is r a prime number?
False
Let i(n) be the third derivative of n**5/5 + n**4/2 - n**3/6 - 2*n**2. Suppose -4*b + 3 - 11 = 0, -5*h = -3*b - 46. Is i(h) composite?
False
Let i(z) be the second derivative of 0 + z**3 + 1/20*z**5 + 7/2*z**2 + 7/6*z**4 + 25*z. Is i(-12) a composite number?
False
Let r = 555 + -540. Suppose 3*z - r*f = -18*f + 483, -6 = -3*f. Is z a prime number?
False
Let y(b) be the first derivative of -7 - 153*b**2 + 0 - 12 - 61*b. Is y(-19) prime?
False
Let h(p) = -30 + 0*p + 19*p - 74*p. Let s be h(6). Let b = 273 - s. Is b a composite number?
True
Let q = -221 + 235. Is 3006 - q - (-28)/4 a prime number?
True
Is (-17 - (-412)/24) + 15975226/12 a composite number?
False
Suppose -3*a + 877673 + 2690537 = -7*h, 2378809 = 2*a - 5*h. Is a composite?
False
Let p be 2*((-1 - 4) + 7). Suppose -l - 4*l = -5, 4*b + p*l - 7896 = 0. Is b a prime number?
True
Let u = -45 - -49. Let x(k) = -k**3 + 3*k**2 + 4*k + 4. Let c be x(u). Suppose -4*t = 4*m - 328, -c*t = 3*m + t - 252. Is m a prime number?
True
Let j(a) = 760*a**2 + 4*a - 5. Let y be j(2). Suppose 2*i + 0*i + 3*q - 2037 = 0, -3*i - 2*q = -y. Is i prime?
False
Is (420418 - -1)/(314/314) composite?
False
Let o be (-1)/(-1*(-7)/(-14)). Suppose -4*c = -7*c - 3*s + 5265, o*s = -5*c + 8769. Is c a prime number?
True
Let i(n) = 81*n**3 + 13*n**2 - 19*n + 10. Is i(4) a prime number?
False
Let g be (238/7)/(-3 + 3 - -2). Suppose g*w - 22*w = -84280. Is (-9)/45 - w/(-5) prime?
True
Suppose -34*z + 36*z - 111982 = -4*v, -4*v + 167967 = 3*z. Is z a composite number?
True
Let x(a) = 17231*a**3 - 27*a**2 + 28*a - 1. Is x(1) a composite number?
False
Let b(j) = -362*j - 1. Suppose -8*s - 183 = -5*s. Let g = s - -54. Is b(g) a composite number?
True
Suppose 2*k - 5*f - 3 = 0, -2*k + 4*f + 2 + 2 = 0. Let r(d) = 11*d + 26*d**2 + 7 